actor of 390 and 710?
10
What is the highest common divisor of 2423872 and 968?
968
Calculate the greatest common divisor of 1162798 and 78.
26
What is the greatest common factor of 3132 and 196388?
116
Calculate the greatest common factor of 7227750 and 10056.
2514
Calculate the greatest common factor of 137 and 331129.
137
What is the greatest common factor of 24768 and 108?
36
Calculate the highest common divisor of 1285 and 1406561.
257
Calculate the highest common divisor of 12461 and 75499.
733
What is the highest common divisor of 1488 and 144?
48
Calculate the highest common factor of 115 and 132135.
115
Calculate the highest common divisor of 5216155 and 70.
35
Calculate the greatest common divisor of 4 and 504316.
4
What is the highest common divisor of 361004 and 154?
14
Calculate the greatest common divisor of 3727713 and 7095.
1419
What is the greatest common factor of 12 and 1474404?
12
Calculate the highest common factor of 61257 and 189.
21
What is the highest common divisor of 60 and 417765?
15
What is the greatest common divisor of 26877 and 1395?
93
Calculate the highest common factor of 57 and 6207186.
57
What is the greatest common divisor of 44 and 1626922?
22
What is the highest common factor of 9 and 18279?
9
Calculate the highest common factor of 555 and 121545.
555
Calculate the greatest common factor of 6936 and 6.
6
What is the greatest common divisor of 690 and 503010?
690
What is the highest common divisor of 11 and 553619?
11
What is the highest common factor of 12245 and 2765?
395
Calculate the highest common factor of 9 and 23127.
3
Calculate the highest common divisor of 780 and 3735420.
780
What is the highest common divisor of 186 and 776674?
62
Calculate the greatest common divisor of 84 and 72744.
84
Calculate the highest common divisor of 13516 and 2108.
124
What is the highest common factor of 22639 and 19?
1
Calculate the highest common factor of 34880 and 7104.
64
Calculate the greatest common divisor of 21 and 152061.
21
What is the highest common factor of 178422 and 5902?
454
Calculate the greatest common divisor of 222 and 2450769.
111
Calculate the highest common factor of 416 and 6916.
52
What is the highest common factor of 264 and 3782625?
33
Calculate the greatest common divisor of 419842 and 230.
46
Calculate the greatest common divisor of 504 and 45612.
252
Calculate the highest common factor of 29 and 3070259.
29
Calculate the greatest common factor of 951891 and 282.
141
Calculate the greatest common divisor of 111 and 32766.
3
Calculate the highest common factor of 1269 and 3573.
9
Calculate the greatest common factor of 56 and 47068.
28
Calculate the highest common factor of 1905 and 30.
15
What is the highest common factor of 237847 and 272?
17
What is the highest common divisor of 39962 and 27878?
106
What is the greatest common divisor of 96 and 303?
3
What is the greatest common divisor of 330 and 47586?
66
What is the greatest common divisor of 575 and 304635?
115
Calculate the highest common factor of 305 and 3530.
5
Calculate the greatest common factor of 1782 and 7023753.
891
Calculate the greatest common divisor of 224508 and 2544.
636
What is the highest common factor of 88 and 449?
1
Calculate the greatest common factor of 152808 and 24.
24
Calculate the highest common divisor of 427 and 31.
1
Calculate the greatest common divisor of 12 and 63306.
6
What is the greatest common divisor of 61 and 82350?
61
What is the highest common factor of 292437 and 27?
27
Calculate the highest common factor of 2034 and 2646.
18
What is the highest common divisor of 93312 and 783?
27
What is the greatest common factor of 1323379 and 2283?
761
What is the greatest common divisor of 273 and 327054?
273
What is the greatest common factor of 294733 and 201?
67
Calculate the highest common divisor of 660700 and 900.
100
Calculate the greatest common divisor of 5497 and 621.
23
Calculate the greatest common divisor of 296019 and 2.
1
Calculate the greatest common divisor of 40976 and 182.
26
What is the greatest common divisor of 165308 and 17?
17
Calculate the greatest common factor of 206 and 231853.
103
What is the highest common factor of 3180 and 13560?
60
Calculate the greatest common factor of 256755 and 105.
15
What is the greatest common factor of 3434 and 272?
34
Calculate the greatest common factor of 847 and 3465.
77
Calculate the highest common factor of 44 and 685366.
22
Calculate the highest common divisor of 21666 and 1679.
23
What is the highest common factor of 2044891 and 1427?
1427
Calculate the highest common divisor of 1820 and 197400.
140
What is the greatest common divisor of 9 and 581895?
9
What is the highest common divisor of 545 and 1029505?
545
Calculate the greatest common factor of 11517 and 2651.
11
Calculate the greatest common divisor of 1624 and 1400.
56
Calculate the greatest common factor of 3036 and 455676.
276
What is the greatest common factor of 178 and 345053?
89
What is the greatest common factor of 275 and 199925?
275
What is the greatest common factor of 566 and 909562?
566
What is the highest common factor of 924 and 157388?
308
What is the highest common divisor of 240 and 6176?
16
What is the greatest common divisor of 3952 and 92625?
247
What is the highest common factor of 98107 and 119?
17
What is the greatest common factor of 246620 and 76?
76
What is the highest common divisor of 113032 and 6674?
142
Calculate the highest common factor of 1550982 and 276.
138
What is the greatest common factor of 14796 and 54?
54
Calculate the greatest common divisor of 735 and 813351.
147
What is the highest common divisor of 1350 and 43776?
18
What is the greatest common factor of 2489 and 71630?
19
What is the greatest common divisor of 112 and 25144?
56
What is the greatest common divisor of 141340 and 592?
148
What is the greatest common divisor of 732 and 4596?
12
Calculate the highest common factor of 6060 and 8888.
404
What is the highest common divisor of 325 and 13150?
25
What is the highest common divisor of 142804 and 3876?
76
Calculate the highest common factor of 27491 and 74.
37
Calculate the highest common divisor of 3225350 and 50.
50
Calculate the greatest common divisor of 3645 and 19197.
243
Calculate the highest common divisor of 1638672 and 1008.
336
Calculate the highest common divisor of 20301649 and 1861.
1861
Calculate the greatest common factor of 3002 and 12388.
38
Calculate the highest common factor of 76 and 1691.
19
Calculate the greatest common divisor of 111371 and 15157.
659
What is the greatest common divisor of 174036 and 12?
12
What is the highest common factor of 451649 and 330?
11
What is the highest common divisor of 3456 and 47808?
576
What is the highest common divisor of 95598 and 904?
226
What is the highest common factor of 206645 and 555?
185
What is the greatest common factor of 68336 and 752?
16
What is the greatest common divisor of 3298 and 6?
2
Calculate the highest common factor of 8724 and 36.
12
Calculate the greatest common factor of 294 and 6825.
21
Calculate the highest common divisor of 10947 and 24831.
267
What is the greatest common divisor of 25005 and 15?
15
What is the greatest common factor of 21 and 629440?
7
Calculate the highest common divisor of 242370 and 450.
90
What is the greatest common factor of 1314 and 3060?
18
What is the highest common factor of 6882 and 15097?
31
What is the greatest common divisor of 532908 and 2712?
1356
Calculate the greatest common factor of 2133 and 73944.
711
What is the greatest common divisor of 82865 and 120?
5
Calculate the greatest common factor of 27 and 387189.
9
What is the highest common divisor of 54 and 65154?
6
What is the highest common divisor of 3834295 and 95?
95
What is the highest common factor of 22038 and 18?
6
Calculate the highest common divisor of 71 and 32234.
71
Calculate the greatest common factor of 12155 and 13039.
221
What is the highest common factor of 396435 and 120?
15
What is the greatest common divisor of 65 and 116910?
5
Calculate the greatest common divisor of 7968619 and 19.
19
Calculate the greatest common factor of 1714842 and 282.
282
What is the greatest common divisor of 548174 and 2?
2
Calculate the highest common